{"id":26,"date":"2019-02-15T11:57:57","date_gmt":"2019-02-15T09:57:57","guid":{"rendered":"https:\/\/urbanistubn.wordpress.com\/?page_id=26"},"modified":"2021-08-29T20:52:29","modified_gmt":"2021-08-29T18:52:29","slug":"bio-landwirtschaft","status":"publish","type":"page","link":"http:\/\/www.urbanistubn.at\/wordpress\/bio-landwirtschaft\/","title":{"rendered":"Bio-Bauernhof"},"content":{"rendered":"\n<p>Impressionen<\/p>\n\n\n\n<figure class=\"wp-block-image size-large is-style-rounded\"><img decoding=\"async\" loading=\"lazy\" width=\"780\" height=\"1024\" src=\"http:\/\/www.urbanistubn.at\/wordpress\/wp-content\/uploads\/2021\/08\/Bio-Schwein-neugierig-780x1024.jpg\" alt=\"\" class=\"wp-image-376\" srcset=\"http:\/\/www.urbanistubn.at\/wordpress\/wp-content\/uploads\/2021\/08\/Bio-Schwein-neugierig-780x1024.jpg 780w, http:\/\/www.urbanistubn.at\/wordpress\/wp-content\/uploads\/2021\/08\/Bio-Schwein-neugierig-228x300.jpg 228w, http:\/\/www.urbanistubn.at\/wordpress\/wp-content\/uploads\/2021\/08\/Bio-Schwein-neugierig-768x1009.jpg 768w, http:\/\/www.urbanistubn.at\/wordpress\/wp-content\/uploads\/2021\/08\/Bio-Schwein-neugierig-1169x1536.jpg 1169w, http:\/\/www.urbanistubn.at\/wordpress\/wp-content\/uploads\/2021\/08\/Bio-Schwein-neugierig-1559x2048.jpg 1559w, http:\/\/www.urbanistubn.at\/wordpress\/wp-content\/uploads\/2021\/08\/Bio-Schwein-neugierig-1140x1498.jpg 1140w, http:\/\/www.urbanistubn.at\/wordpress\/wp-content\/uploads\/2021\/08\/Bio-Schwein-neugierig-scaled.jpg 1949w\" sizes=\"(max-width: 780px) 100vw, 780px\" \/><\/figure>\n\n\n\n<figure class=\"wp-block-gallery columns-2 is-cropped wp-block-gallery-1 is-layout-flex\"><ul class=\"blocks-gallery-grid\"><li class=\"blocks-gallery-item\"><figure><img decoding=\"async\" loading=\"lazy\" width=\"1024\" height=\"686\" src=\"http:\/\/www.urbanistubn.at\/wordpress\/wp-content\/uploads\/2021\/06\/Bio-Holunderblueten-Sirup.abfuellen.Fallbacher-1-1024x686.jpg\" alt=\"\" data-id=\"354\" data-full-url=\"http:\/\/www.urbanistubn.at\/wordpress\/wp-content\/uploads\/2021\/06\/Bio-Holunderblueten-Sirup.abfuellen.Fallbacher-1.jpg\" data-link=\"http:\/\/www.urbanistubn.at\/wordpress\/bio-landwirtschaft\/bio-holunderblueten-sirup-abfuellen-fallbacher-1\/\" class=\"wp-image-354\" srcset=\"http:\/\/www.urbanistubn.at\/wordpress\/wp-content\/uploads\/2021\/06\/Bio-Holunderblueten-Sirup.abfuellen.Fallbacher-1-1024x686.jpg 1024w, http:\/\/www.urbanistubn.at\/wordpress\/wp-content\/uploads\/2021\/06\/Bio-Holunderblueten-Sirup.abfuellen.Fallbacher-1-300x201.jpg 300w, http:\/\/www.urbanistubn.at\/wordpress\/wp-content\/uploads\/2021\/06\/Bio-Holunderblueten-Sirup.abfuellen.Fallbacher-1-768x514.jpg 768w, http:\/\/www.urbanistubn.at\/wordpress\/wp-content\/uploads\/2021\/06\/Bio-Holunderblueten-Sirup.abfuellen.Fallbacher-1-1140x763.jpg 1140w, http:\/\/www.urbanistubn.at\/wordpress\/wp-content\/uploads\/2021\/06\/Bio-Holunderblueten-Sirup.abfuellen.Fallbacher-1.jpg 1277w\" sizes=\"(max-width: 1024px) 100vw, 1024px\" \/><\/figure><\/li><li class=\"blocks-gallery-item\"><figure><img decoding=\"async\" loading=\"lazy\" width=\"1024\" height=\"686\" src=\"http:\/\/www.urbanistubn.at\/wordpress\/wp-content\/uploads\/2021\/06\/Bio-Holunderblueten-Sirup.abfuellen-1-1024x686.jpg\" alt=\"\" data-id=\"355\" data-full-url=\"http:\/\/www.urbanistubn.at\/wordpress\/wp-content\/uploads\/2021\/06\/Bio-Holunderblueten-Sirup.abfuellen-1.jpg\" data-link=\"http:\/\/www.urbanistubn.at\/wordpress\/bio-landwirtschaft\/bio-holunderblueten-sirup-abfuellen-1\/\" class=\"wp-image-355\" srcset=\"http:\/\/www.urbanistubn.at\/wordpress\/wp-content\/uploads\/2021\/06\/Bio-Holunderblueten-Sirup.abfuellen-1-1024x686.jpg 1024w, http:\/\/www.urbanistubn.at\/wordpress\/wp-content\/uploads\/2021\/06\/Bio-Holunderblueten-Sirup.abfuellen-1-300x201.jpg 300w, http:\/\/www.urbanistubn.at\/wordpress\/wp-content\/uploads\/2021\/06\/Bio-Holunderblueten-Sirup.abfuellen-1-768x514.jpg 768w, http:\/\/www.urbanistubn.at\/wordpress\/wp-content\/uploads\/2021\/06\/Bio-Holunderblueten-Sirup.abfuellen-1-1140x763.jpg 1140w, http:\/\/www.urbanistubn.at\/wordpress\/wp-content\/uploads\/2021\/06\/Bio-Holunderblueten-Sirup.abfuellen-1.jpg 1277w\" sizes=\"(max-width: 1024px) 100vw, 1024px\" \/><\/figure><\/li><li class=\"blocks-gallery-item\"><figure><img decoding=\"async\" loading=\"lazy\" width=\"1024\" height=\"686\" src=\"http:\/\/www.urbanistubn.at\/wordpress\/wp-content\/uploads\/2021\/06\/Bio-Holunderblueten-Sirup-1024x686.jpg\" alt=\"\" data-id=\"356\" data-full-url=\"http:\/\/www.urbanistubn.at\/wordpress\/wp-content\/uploads\/2021\/06\/Bio-Holunderblueten-Sirup.jpg\" data-link=\"http:\/\/www.urbanistubn.at\/wordpress\/bio-landwirtschaft\/bio-holunderblueten-sirup\/\" class=\"wp-image-356\" srcset=\"http:\/\/www.urbanistubn.at\/wordpress\/wp-content\/uploads\/2021\/06\/Bio-Holunderblueten-Sirup-1024x686.jpg 1024w, http:\/\/www.urbanistubn.at\/wordpress\/wp-content\/uploads\/2021\/06\/Bio-Holunderblueten-Sirup-300x201.jpg 300w, http:\/\/www.urbanistubn.at\/wordpress\/wp-content\/uploads\/2021\/06\/Bio-Holunderblueten-Sirup-768x514.jpg 768w, http:\/\/www.urbanistubn.at\/wordpress\/wp-content\/uploads\/2021\/06\/Bio-Holunderblueten-Sirup-1140x763.jpg 1140w, http:\/\/www.urbanistubn.at\/wordpress\/wp-content\/uploads\/2021\/06\/Bio-Holunderblueten-Sirup.jpg 1277w\" sizes=\"(max-width: 1024px) 100vw, 1024px\" \/><figcaption class=\"blocks-gallery-item__caption\">Bio-Holunderbl\u00fcten-Sirup 2021<\/figcaption><\/figure><\/li><\/ul><\/figure>\n\n\n\n<figure class=\"wp-block-gallery columns-1 is-cropped wp-block-gallery-3 is-layout-flex\"><ul class=\"blocks-gallery-grid\"><li class=\"blocks-gallery-item\"><figure><img decoding=\"async\" loading=\"lazy\" width=\"1652\" height=\"1239\" src=\"http:\/\/www.urbanistubn.at\/wordpress\/wp-content\/uploads\/2021\/05\/Mitterberg.Biogetreide.verkl_..jpg\" alt=\"\" data-id=\"344\" data-full-url=\"http:\/\/www.urbanistubn.at\/wordpress\/wp-content\/uploads\/2021\/05\/Mitterberg.Biogetreide.verkl_..jpg\" data-link=\"http:\/\/www.urbanistubn.at\/wordpress\/bio-landwirtschaft\/mitterberg-biogetreide-verkl_\/\" class=\"wp-image-344\" srcset=\"http:\/\/www.urbanistubn.at\/wordpress\/wp-content\/uploads\/2021\/05\/Mitterberg.Biogetreide.verkl_..jpg 1652w, http:\/\/www.urbanistubn.at\/wordpress\/wp-content\/uploads\/2021\/05\/Mitterberg.Biogetreide.verkl_.-300x225.jpg 300w, http:\/\/www.urbanistubn.at\/wordpress\/wp-content\/uploads\/2021\/05\/Mitterberg.Biogetreide.verkl_.-1024x768.jpg 1024w, http:\/\/www.urbanistubn.at\/wordpress\/wp-content\/uploads\/2021\/05\/Mitterberg.Biogetreide.verkl_.-768x576.jpg 768w, http:\/\/www.urbanistubn.at\/wordpress\/wp-content\/uploads\/2021\/05\/Mitterberg.Biogetreide.verkl_.-1536x1152.jpg 1536w, http:\/\/www.urbanistubn.at\/wordpress\/wp-content\/uploads\/2021\/05\/Mitterberg.Biogetreide.verkl_.-1140x855.jpg 1140w\" sizes=\"(max-width: 1652px) 100vw, 1652px\" \/><figcaption class=\"blocks-gallery-item__caption\">Idylle am Mitterberg<\/figcaption><\/figure><\/li><li class=\"blocks-gallery-item\"><figure><img decoding=\"async\" loading=\"lazy\" width=\"1277\" height=\"855\" src=\"http:\/\/www.urbanistubn.at\/wordpress\/wp-content\/uploads\/2021\/05\/Ruesselkaefer.Biozuckerruebe.web_.jpg\" alt=\"\" data-id=\"345\" data-full-url=\"http:\/\/www.urbanistubn.at\/wordpress\/wp-content\/uploads\/2021\/05\/Ruesselkaefer.Biozuckerruebe.web_.jpg\" data-link=\"http:\/\/www.urbanistubn.at\/wordpress\/bio-landwirtschaft\/ruesselkaefer-biozuckerruebe-web_\/\" class=\"wp-image-345\" srcset=\"http:\/\/www.urbanistubn.at\/wordpress\/wp-content\/uploads\/2021\/05\/Ruesselkaefer.Biozuckerruebe.web_.jpg 1277w, http:\/\/www.urbanistubn.at\/wordpress\/wp-content\/uploads\/2021\/05\/Ruesselkaefer.Biozuckerruebe.web_-300x201.jpg 300w, http:\/\/www.urbanistubn.at\/wordpress\/wp-content\/uploads\/2021\/05\/Ruesselkaefer.Biozuckerruebe.web_-1024x686.jpg 1024w, http:\/\/www.urbanistubn.at\/wordpress\/wp-content\/uploads\/2021\/05\/Ruesselkaefer.Biozuckerruebe.web_-768x514.jpg 768w, http:\/\/www.urbanistubn.at\/wordpress\/wp-content\/uploads\/2021\/05\/Ruesselkaefer.Biozuckerruebe.web_-1140x763.jpg 1140w\" sizes=\"(max-width: 1277px) 100vw, 1277px\" \/><figcaption class=\"blocks-gallery-item__caption\">R\u00fcbenr\u00fcsselderbk\u00e4fer<\/figcaption><\/figure><\/li><\/ul><\/figure>\n\n\n\n<p><\/p>\n","protected":false},"excerpt":{"rendered":"<p>Impressionen<\/p>\n","protected":false},"author":1,"featured_media":0,"parent":0,"menu_order":0,"comment_status":"closed","ping_status":"closed","template":"","meta":[],"_links":{"self":[{"href":"http:\/\/www.urbanistubn.at\/wordpress\/wp-json\/wp\/v2\/pages\/26"}],"collection":[{"href":"http:\/\/www.urbanistubn.at\/wordpress\/wp-json\/wp\/v2\/pages"}],"about":[{"href":"http:\/\/www.urbanistubn.at\/wordpress\/wp-json\/wp\/v2\/types\/page"}],"author":[{"embeddable":true,"href":"http:\/\/www.urbanistubn.at\/wordpress\/wp-json\/wp\/v2\/users\/1"}],"replies":[{"embeddable":true,"href":"http:\/\/www.urbanistubn.at\/wordpress\/wp-json\/wp\/v2\/comments?post=26"}],"version-history":[{"count":5,"href":"http:\/\/www.urbanistubn.at\/wordpress\/wp-json\/wp\/v2\/pages\/26\/revisions"}],"predecessor-version":[{"id":377,"href":"http:\/\/www.urbanistubn.at\/wordpress\/wp-json\/wp\/v2\/pages\/26\/revisions\/377"}],"wp:attachment":[{"href":"http:\/\/www.urbanistubn.at\/wordpress\/wp-json\/wp\/v2\/media?parent=26"}],"curies":[{"name":"wp","href":"https:\/\/api.w.org\/{rel}","templated":true}]}}